 1. Is h(9) composite?
False
Suppose 3*o + 2*b = 6*o - 627, -5*o = -5*b - 1040. Is o composite?
False
Suppose -91 = -3*t + 65. Suppose 0 = 4*j - t - 256. Is j composite?
True
Is (-3)/(-2)*(-15856)/(-24) a composite number?
False
Let i = -17 + 207. Suppose -2*m = -0*m - i. Is m prime?
False
Suppose 3505 = 5*s - 2*a, s - 4*a + 1402 = 3*s. Is s prime?
True
Let r be (-1)/(1 - (-15)/(-12)). Let h(p) = -p + 7. Let f be h(5). Suppose o + x - 51 = -0*x, 98 = f*o + r*x. Is o prime?
True
Let x(n) = n**2 + n + 5. Let o be x(-4). Suppose 4*r = -4, 3*g - r - r - o = 0. Suppose 5*w - b - 10 = -5*b, g*b + 55 = 5*w. Is w a prime number?
False
Let q = 97 - 52. Suppose 4*z + s = q, -s = -4*z + 4*s + 15. Is z prime?
False
Let p be -2 + (222/(-3) - -1). Let g = 123 + p. Let v = g + -11. Is v prime?
True
Let s(f) = -f**2 + 5*f + 4. Let a be 8/6*(-18)/4. Let x be (a/(-4))/(3/6). Is s(x) prime?
False
Let n(b) = -235*b - 1. Let i be n(-1). Suppose -3*q + 143 = 2*l, -5*q + i = -2*l + l. Is q prime?
True
Let l(q) = -q. Let c be 3/((-9)/12*-2). Suppose 0*b = 3*b - g + 17, 5*b + c*g + 32 = 0. Is l(b) prime?
False
Let a(j) = 5*j**2 + 4*j + 6. Let v be a(7). Let g = v - 130. Is g a composite number?
False
Let a(b) = b + 4. Let x be a(-4). Suppose 2*y - 14 - 48 = x. Is y a prime number?
True
Let x = 22 + -9. Let f(a) = a**2 - 10*a - 1. Is f(x) prime?
False
Let f be 27/6*(-36)/2. Let r = -46 - f. Is r composite?
True
Suppose 0*v + 2806 = -3*v - 2*k, -2*k = -2. Let h be (v/(-10))/((-15)/(-50)). Is 2/(2 - h/159) prime?
True
Suppose -d - 5*g - 32 = 0, d - 11 = 4*d - 2*g. Let x(p) = p + 14. Is x(d) a composite number?
False
Suppose h = 6*h - 2345. Is h a composite number?
True
Suppose -6*t = -6882 - 2940. Is t a composite number?
False
Let t(c) = -21*c**2 - 2*c - 1. Let p be t(3). Let g = p + 351. Is g prime?
False
Suppose n + 5210 = b + 4*b, 5*n + 4147 = 4*b. Is b a prime number?
False
Let w be (-2)/(-3)*(9 + -6). Suppose -w*h = -h - 16. Suppose b + h = k, k - 2*k - b + 26 = 0. Is k a prime number?
False
Suppose -2*k + 1066 = -1696. Is k prime?
True
Let n(h) = h**3 + 12*h**2 + 4*h - 6. Is n(-5) composite?
False
Let y = 17 + -3. Let d = y - 3. Is d composite?
False
Is (-6 - -8)/(4/158) prime?
True
Let p = -250 - -518. Is (-2 - 0)/((-8)/p) a composite number?
False
Let w(o) = 40*o**2 + o - 1. Is w(-4) prime?
False
Suppose -26 + 136 = o. Suppose -o = -g - 4*g. Is g prime?
False
Let l(d) be the second derivative of d**3/6 - d**2/2 - d. Is l(8) a composite number?
False
Suppose 375 = j + 4*j. Suppose j = u + 4*y, -2*u + 5*y - 31 = -142. Let l = u + -28. Is l a prime number?
False
Let c(w) be the first derivative of -3 - 9/2*w**2 - 3*w. Is c(-8) prime?
False
Let s(k) = -k**3 - 14*k**2 - 8*k + 12. Let z be s(-12). Let y = z + 329. Is y composite?
False
Let j(v) = -28*v + 1. Let x(r) = -r**3 + 6*r**2 + 6*r + 3. Let u be x(7). Is j(u) prime?
True
Let o(n) = 259*n - 8. Let p(h) = 65*h - 2. Let j(b) = 2*o(b) - 9*p(b). Is j(-3) a prime number?
False
Let f be (-6)/(6/(-8)*-2). Let o be f/3*(-3)/2. Is -2 + 42 + (-2)/o a prime number?
False
Let j be (-12)/4 - (40 - 0). Let w = -214 - -402. Let k = j + w. Is k a prime number?
False
Let k(h) = 9*h**3 - 4*h**2 - 2*h - 4. Let j be k(6). Let m = j + -1263. Is m a composite number?
False
Suppose 0 = 2*k + 8 - 0. Is (-4965)/(-25) - k/10 a prime number?
True
Suppose -367 = 2*o - 3329. Is o composite?
False
Let y be -3*1 - 6/(-6). Is 100/16 + y/8 a composite number?
True
Suppose 5*z = 7*z - 346. Suppose -3*x + 1342 = -z. Suppose -3*r + x = 58. Is r a composite number?
False
Suppose 4*x - 7034 = -2*w, -4*x + 8773 = x - 4*w. Is x a composite number?
True
Suppose 0 = 6*u - 5*u - 1306. Let g be (-2)/(-4) + u/(-4). Let y = g + 475. Is y a prime number?
True
Let q be ((-6)/8)/(1/(-124)). Let b be (1 - -4) + 0 + -2. Suppose b*i - q = 18. Is i composite?
False
Let a = -33 - -413. Suppose -3*o = a - 1187. Suppose -5*f + j = -o - 481, 2*j + 755 = 5*f. Is f prime?
True
Is (-8020)/(-30)*6/4 composite?
False
Suppose -10*g + 6*g + 36 = 0. Suppose 3*p + g + 0 = 0. Is (-2 - (2 + p)) + 56 a prime number?
False
Is (-14)/(-49) + -822*(-4)/56 prime?
True
Let s = 5 + -7. Is s + 3/6*146 a composite number?
False
Let i = -6 + 178. Let t = -59 + i. Is t prime?
True
Let h = -181 + 444. Is h prime?
True
Suppose 4*t - 4*o = 3104, 3*o - 4*o + 3910 = 5*t. Is t composite?
True
Let z be (-3)/(-1)*152/6. Let l = z + 16. Suppose 3*o + 9 = -2*s + l, s + 4*o = 49. Is s a prime number?
True
Suppose 3*p - 3563 = -4*p. Is p a composite number?
False
Let u be (-3)/5 - 504/(-15). Suppose -f + 2*r = -52 - u, r - 150 = -2*f. Is f composite?
True
Let c(b) = 12*b - 3*b**2 + b**3 - 2 - 18*b + 7. Let t be c(4). Is 1 + 13 + (-6 - t) a prime number?
True
Let m(u) = -2*u**3 - 5*u**2 - 6*u - 6. Let a be m(-4). Suppose 0 = -5*g - 11 + a. Is g a prime number?
True
Let c = -8 + 8. Suppose 3*k - 21 = -c*k. Is k a composite number?
False
Let j(u) be the third derivative of 0 + 0*u + 1/6*u**3 + u**2 + 7/24*u**4. Is j(6) a prime number?
True
Let d(r) = -r**2 - r - 1. Let v(n) = -6*n**2 - 4*n + 194. Let q(a) = -5*d(a) + v(a). Is q(0) composite?
False
Let q = -5 - -7. Let h be -2 - -1 - (1 - 2). Suppose h = -4*r - s + 41, r + q*s = -5 + 17. Is r composite?
True
Suppose -6*w = -2*w - 32. Let p be (-13 + 0)/(4/w). Let b = p + 41. Is b prime?
False
Let j(w) = w. Suppose -2*n - 3*n = -20. Let z be j(n). Suppose 4*s + 3*a - 89 = -s, 84 = 4*s - z*a. Is s a composite number?
False
Let o be (6/4)/((-15)/80). Let s = 42 + o. Is s a prime number?
False
Let u(p) = p**2 - 1 - 2*p**2 - 3*p - p + 3*p**2. Let h(w) = w. Let g(a) = 2*h(a) + u(a). Is g(4) prime?
True
Suppose -6*n + 3*n = -9. Suppose v - n*v = -74. Is v a prime number?
True
Let s(u) = 6*u - 2. Suppose -2*d + 8 + 4 = 0. Is s(d) a composite number?
True
Suppose 18*z - 16*z - 5470 = 0. Suppose 4*h + h = 5*u + z, 0 = 3*h + 2*u - 1621. Is h a composite number?
True
Suppose -325 = -2*p + 645. Is p a composite number?
True
Let q = -9 + 15. Suppose -27 = -o + 2*y - q*y, -5*y + 27 = o. Is 3585/o + (-6)/(-27) composite?
True
Suppose 0 = 7*a - 15*a + 4328. Is a composite?
False
Suppose 0*z + z = 0. Suppose -2*h + 5*t + 69 = z, -h + 0*h + 52 = t. Is h a composite number?
False
Let r = 53 + -20. Is r a prime number?
False
Let v be (3 - 1)/(8/(-20)). Let r(o) = 19*o + 7. Let d(z) = 9*z + 4. Let k(s) = v*d(s) + 3*r(s). Is k(3) a prime number?
True
Suppose 5*f - 3 - 5 = 3*s, 2*s - 28 = -5*f. Suppose -f*h = -0*h - 560. Suppose 675 = 5*l - h. Is l a prime number?
True
Suppose 5*o = 3*r - 1639, 2*r - o - 1094 = 3*o. Is r a prime number?
False
Let s(i) = i**2 - 7*i + 53. Is s(-11) a prime number?
True
Let u = -13 + 17. Is 42/(-56) - (-511)/u composite?
False
Suppose -u + 3*z + 173 = -456, z + 1871 = 3*u. Is u composite?
True
Let x be (-3)/(-3) + 4/2. Let t be (-2)/x + (-210)/(-18). Suppose t = 3*p - 10. Is p composite?
False
Let r be 4*1 - (-30)/10. Let b(g) = g**3 - 7*g**2 - 5*g + 5. Let z be b(r). Let o = z - -83. Is o a composite number?
False
Suppose -5*d + o - 9 = 0, -2*d - o + 5*o = 18. Let b be (-6 - -7)/(d/(-2)). Let q(y) = 5*y**3 - y**2 - 2*y - 1. Is q(b) a prime number?
True
Let l be (-2)/(-8) + (-254)/(-8). Let o be 1/(-5) + l/10. Is ((-98)/(-7))/(o - 1) a composite number?
False
Let j be (9 + -8)/((-1)/(-3)). Suppose -5*s + 0*r + 360 = 5*r, 5*r + 192 = j*s. Is s prime?
False
Let a = -147 - -206. Is a a composite number?
False
Suppose -x + 9 - 3 = 0. Let w(j) = 12*j - 5. Is w(x) prime?
True
Is ((-10297)/(-2))/(13/26) prime?
False
Suppose -2*x = -2*q - 7*x - 282, -534 = 4*q - 5*x. Let k = q + 85. Let v = k - -104. Is v a composite number?
False
Suppose -5*a + 0*j = -j + 9, -j + 4 = 0. Let n = -4 + 1. Is 4 + n + 15 + a composite?
True
Let a(v) = -v**2 + 4*v + 7. Let p be a(6). Let t(m) = -4*m + 6. Is t(p) prime?
False
Suppose 10*b - 12*b - 1548 = 0. Let i = -395 - b. Is i a composite number?
False
Let p(t) = 11 - 6 - 8*t + 19*t. Is p(7) composite?
True
Let x = 3 + 0. Suppose 143 = -2*o + x*o. Is o composite?
True
Let v(m) = m**3 - 5*m**2 - 5*m - 2. Let a be v(6). Suppose a*k + 2*g = 802, -4*k + 296 + 491 = 5*g. Is k a composite number?
True
Let g = 6 - 4. Suppose 4*r + 8 + 28 = -4*h, 3*r = -g*h - 24. Let s = 19 + r. Is s prime?
True
Suppose 0 = -i - 2*i - 147. Let f 